(9/12)/3). Suppose d - 4*d = -p. Suppose 4*v + 0*l = -2*l + 434, 0 = 4*l - 4. What is the highest common factor of v and d?
12
Let h(v) = -89*v + 107. Let g be h(1). Suppose 0 = 2*z + 2 - 4. Let s be 13*2 + z + 0. Calculate the highest common factor of s and g.
9
Let b(d) = 5*d + 137. Let l be b(51). What is the highest common divisor of l and 49?
49
Let u = -17 + 92. Let s = -11 - -15. Suppose -45 = -2*m + h, 8 + 62 = 2*m + s*h. Calculate the greatest common divisor of m and u.
25
Suppose 11*t + 24 = 15*t. Let z = t - 2. Suppose 8*r - z = 4*r. What is the highest common divisor of 1 and r?
1
Let t be -5*3/(3/1). Let i be (-9)/45 + (-91)/t. Calculate the highest common factor of 90 and i.
18
Suppose 3*s = 8*s - 180. Let q = 3 - 0. Let k be 9*(-4)/(-6) + q. What is the highest common factor of s and k?
9
Let d(n) be the third derivative of -n**5/30 - 4*n**4/3 + 6*n**3 + 20*n**2. Let b be d(-15). What is the highest common factor of b and 6?
6
Let w(m) = -13*m**3 - 3*m**2 + 5*m + 7. Let t be w(-1). Let s = -10 + 16. What is the greatest common divisor of t and s?
6
Let s(t) = -103*t + 205. Let l be s(-15). Calculate the greatest common divisor of 25 and l.
25
Let v = -42 + 44. Let r(g) = 12*g**3 - 3*g**2 + g - 1. Let u be r(v). What is the highest common divisor of u and 34?
17
Suppose 32 = 2*k + 2*f - 10, 2*f = -4*k + 82. Let y(g) = g - 16. Let i be y(46). What is the highest common factor of i and k?
10
Suppose 48 = l + 3*m, 4*m = -11*l + 8*l + 144. What is the greatest common divisor of 6 and l?
6
Let t be ((-6)/8)/(1/(-4)). Suppose 0 = 2*i - t*i + 10. Let y(n) = -n**3 + 48*n**2 - 45*n - 84. Let d be y(47). Calculate the highest common divisor of i and d.
10
Let s(m) = -m**2 - 16*m - 17. Let q be ((-42)/15)/((-2)/(-10)). Let t be s(q). Suppose -4*n + t + 33 = 0. What is the highest common divisor of n and 11?
11
Let v(g) = 1205*g**2 - 3*g. Let w be v(-1). Calculate the highest common factor of 8 and w.
8
Let q be (-12)/(-15)*120/16. Let l(u) = -19*u - 3. Let g be l(-3). Calculate the greatest common factor of g and q.
6
Suppose r - 33 = 3*v, -11*r + 3*v = -8*r - 81. Suppose -2*p = 4*l - 20, l - 2*p = -0*p + 10. What is the greatest common factor of l and r?
6
Let h = 51 - 48. Suppose -h*s = -s - 4*l - 66, 0 = -5*s + 4*l + 165. What is the highest common divisor of s and 11?
11
Let n = 193 + -113. Let c = -188 + 23. Let j be (-3278)/c - 2/(-15). What is the greatest common factor of n and j?
20
Suppose 106 = 4*y + 2*o, -3*y - 4*o = -23 - 64. Let i be 9/(-4 + 13)*19/(-1). Let j = y + i. What is the greatest common factor of j and 42?
6
Let r be 10/15 + 70/30. Let k(o) = o + 6. Let u be k(-8). Let l be 16 - ((-2)/u - 0). What is the highest common factor of r and l?
3
Suppose -l + 121 = 67. What is the highest common divisor of 36 and l?
18
Suppose -11*t = t - 72. Calculate the highest common factor of t and 58.
2
Suppose -2*n - 4 = -4*l, 4*n - 36 = -2*l - l. What is the greatest common factor of n and 18?
6
Let v(b) = 20*b - 3. Let f be v(3). Suppose f = 4*q - 231. Suppose -11*s - 26*s = -333. Calculate the highest common divisor of s and q.
9
Let u(f) = f**3 + 16*f**2 - 39*f - 48. Let b be u(-18). Calculate the greatest common factor of b and 294.
6
Let y be 4/(-10) - (445522/55)/(-11). What is the greatest common factor of 23 and y?
23
Let d be ((-174)/(-4))/((-12)/(-32)). Suppose -102 = -3*r + 408. Let c = r - d. Calculate the highest common divisor of c and 6.
6
Suppose -4 = -j, 3 = 3*q + 2*j - 197. What is the greatest common factor of q and 544?
32
Let r(w) = -2*w - 10. Let g be r(0). Let t = g + 140. What is the highest common divisor of t and 52?
26
Suppose -4*l - 65 = 147. Let n = l - -65. Calculate the greatest common factor of 120 and n.
12
Let u(h) = 2*h**2 - 12*h - 32. Let a be u(10). What is the highest common factor of a and 156?
12
Suppose -k + 5 = 2. Suppose -4*h + k*h + 40 = 0. Let j(r) = r**3 - 3*r**2 - 9*r + 3. Let i be j(5). Calculate the greatest common factor of h and i.
8
Let b(o) = -4*o**3 + 3*o**3 - 125*o**2 - 9*o + 138*o**2. Let z be b(12). Calculate the highest common factor of 9 and z.
9
Let n = 128 - 98. What is the greatest common factor of n and 330?
30
Let u be (1 - 17)*(-6 + 1). Let a be ((-4416)/(-345))/(2/5). What is the highest common divisor of a and u?
16
Let r be 7/21*(1 + -1) - -2. What is the greatest common factor of 4 and r?
2
Let v = 1245 - 1161. What is the greatest common divisor of v and 84?
84
Suppose -5*g - 5*b = -15, -5*g + 3*b = -3*g - 1. Calculate the greatest common factor of 24 and g.
2
Let j be (22/6)/((-1)/3). Let k(s) = -s**3 + s**2 - 2*s + 1. Let x be k(4). Let z be j/x - 219/(-5). Calculate the highest common factor of 4 and z.
4
Let k(h) = -17*h - 2. Let s be k(-10). Suppose -12*r + s = -8*r. What is the highest common divisor of r and 6?
6
Suppose -5*c - 83 = q - 316, 989 = 4*q + c. Suppose -5*w + 7 + q = 0. Let s be 17*(1 - (0 + 2)/(-2)). Calculate the greatest common factor of w and s.
17
Let c be (-44 + 2)*(-525)/70. Calculate the greatest common divisor of 90 and c.
45
Suppose 0 = 2*x - 9*x + 42. Let w = 2 + -13. Let b = w - -14. Calculate the greatest common factor of x and b.
3
Let c = -105 - -160. Suppose -86 = -3*g - 0*p + 4*p, 3*p = -3*g + 51. Calculate the highest common divisor of g and c.
11
Suppose 23*j = 33*j - 80. Suppose a - 7*l + 3*l - 20 = 0, -3*a - 3*l = -15. Let x be a/6 - 4/(-6). Calculate the greatest common factor of j and x.
2
Let p be (-75)/(-18) + (-15)/90. Let l = 5 - 4. Suppose -2*x = -3*z + 102, -128 = -4*z + 5*x + l. Calculate the highest common divisor of p and z.
4
Let r = 15 + -15. Suppose r = -2*n + 8 + 8. Suppose k = 6 + 10. What is the greatest common factor of k and n?
8
Let i = -408 + 425. What is the highest common factor of 119 and i?
17
Let h = -1046 - -2742. What is the highest common factor of h and 96?
32
Let z(g) = 11*g + 16. Let q be z(7). Let w = q - 57. Suppose -3*f + 27 = -0*f. Calculate the highest common divisor of w and f.
9
Suppose -3*a + 9 = -0*y + 5*y, 0 = y - 2*a - 7. Let v be (0 - y/9)/(1/(-48)). Calculate the highest common divisor of v and 4.
4
Let y(f) = 2*f**2 - 19*f + 95. Let s be y(7). Calculate the highest common factor of s and 330.
30
Suppose -36 = -5*n - 6. Let z be 952/51 + 2/n. What is the highest common divisor of 209 and z?
19
Suppose -3*z = 2*o - 19, -4*o = -2*z + 24 - 6. Calculate the highest common factor of z and 77.
7
Let k(s) be the first derivative of s**4/4 + s**3/3 + 4. Let v be k(0). Let q(h) = h + 18. Let d be q(v). Calculate the highest common factor of 54 and d.
18
Let o be 6/((-18)/(-2) + -7). Calculate the highest common factor of o and 13.
1
Suppose 24 = -2*c + 3*c. Suppose 0 = -5*u + o + 484, -5*o = 15*u - 13*u - 172. What is the highest common divisor of c and u?
24
Let t be 9/(-54)*213*-2. What is the greatest common factor of t and 142?
71
Let d(a) = -a**3 - 29*a**2 + 45*a + 461. Let q be d(-30). What is the greatest common factor of q and 1298?
11
Let l be (4 + -2 + -1)/((-3)/(-12)). Let t(z) = -4*z - 3. Let h be t(-3). Let x be h/1 - (l + -3). What is the highest common factor of 80 and x?
8
Let x = 20 - 13. Suppose 0 = p - 49 + x. Suppose -2*h + 8 = -p. What is the greatest common divisor of 75 and h?
25
Let j be 0 - ((3 - 4) + -1). Let o(l) = 2 - 160*l + 0 + 170*l. Let w be o(j). Calculate the greatest common divisor of w and 132.
22
Let v(u) = -3*u**3 - 43*u**2 + 26*u - 5. Let f be v(-15). Calculate the highest common divisor of f and 11.
11
Suppose 0*z - 2*j = -3*z + 93, -5*z = j - 168. Suppose -27 = 34*f - 43*f. Suppose -z = 2*s - f*s. Calculate the greatest common divisor of 22 and s.
11
Let t(i) be the third derivative of i**5/12 + i**4/8 + 2*i**3/3 - 2*i**2. Let v be t(-3). Suppose -v = -a - 14. Calculate the highest common factor of a and 52.
26
Suppose -3*u - v + 355 + 145 = 0, 2*u + v - 335 = 0. Let d be 174/12 - (-1)/2. What is the greatest common divisor of d and u?
15
Let p be ((-2)/(-3))/(2/12). Suppose 2*r + 156 = 5*d, -5*r = 362*d - 357*d - 170. Calculate the greatest common divisor of d and p.
4
Suppose 8*p + 2*b = 3*p + 19, -3*b + 9 = p. What is the greatest common factor of p and 63?
3
Let k(m) = m**3 - 21*m**2 - 51*m + 117. Let i be k(23). Let w be 2*(-4)/(-2) + -1. 